{"id":8,"date":"2022-10-22T09:17:20","date_gmt":"2022-10-22T09:17:20","guid":{"rendered":"https:\/\/wordpress-fnyerges-dev.apps.sandbox-m2.ll9k.p1.openshiftapps.com\/?page_id=6"},"modified":"2023-04-15T15:18:17","modified_gmt":"2023-04-15T15:18:17","slug":"sample-page-2-2","status":"publish","type":"page","link":"https:\/\/www.geoservicekft.hu\/?page_id=8","title":{"rendered":"K\u00fatvizsg\u00e1lat\/diagnosztika"},"content":{"rendered":"\n<p>A k\u00fatvizsg\u00e1lat \u00e1ltal\u00e1ban hibafelt\u00e1r\u00f3 tev\u00e9kenys\u00e9g vagy \u00e1llapotr\u00f6gz\u00edt\u00e9s c\u00e9lj\u00e1b\u00f3l v\u00e1lik sz\u00fcks\u00e9gess\u00e9, de kiterjed az \u00faj kutak \u00e9p\u00edt\u00e9si j\u00f3s\u00e1g\u00e1nak ellen\u0151rz\u00e9s\u00e9re is.<\/p>\n\n\n\n<p><\/p>\n","protected":false},"excerpt":{"rendered":"<p>A k\u00fatvizsg\u00e1lat \u00e1ltal\u00e1ban hibafelt\u00e1r\u00f3 tev\u00e9kenys\u00e9g vagy \u00e1llapotr\u00f6gz\u00edt\u00e9s c\u00e9lj\u00e1b\u00f3l v\u00e1lik sz\u00fcks\u00e9gess\u00e9, de kiterjed az \u00faj kutak \u00e9p\u00edt\u00e9si j\u00f3s\u00e1g\u00e1nak ellen\u0151rz\u00e9s\u00e9re is.<\/p>\n","protected":false},"author":1,"featured_media":0,"parent":0,"menu_order":0,"comment_status":"closed","ping_status":"closed","template":"","meta":{"footnotes":""},"class_list":["post-8","page","type-page","status-publish","hentry"],"_links":{"self":[{"href":"https:\/\/www.geoservicekft.hu\/index.php?rest_route=\/wp\/v2\/pages\/8","targetHints":{"allow":["GET"]}}],"collection":[{"href":"https:\/\/www.geoservicekft.hu\/index.php?rest_route=\/wp\/v2\/pages"}],"about":[{"href":"https:\/\/www.geoservicekft.hu\/index.php?rest_route=\/wp\/v2\/types\/page"}],"author":[{"embeddable":true,"href":"https:\/\/www.geoservicekft.hu\/index.php?rest_route=\/wp\/v2\/users\/1"}],"replies":[{"embeddable":true,"href":"https:\/\/www.geoservicekft.hu\/index.php?rest_route=%2Fwp%2Fv2%2Fcomments&post=8"}],"version-history":[{"count":2,"href":"https:\/\/www.geoservicekft.hu\/index.php?rest_route=\/wp\/v2\/pages\/8\/revisions"}],"predecessor-version":[{"id":148,"href":"https:\/\/www.geoservicekft.hu\/index.php?rest_route=\/wp\/v2\/pages\/8\/revisions\/148"}],"wp:attachment":[{"href":"https:\/\/www.geoservicekft.hu\/index.php?rest_route=%2Fwp%2Fv2%2Fmedia&parent=8"}],"curies":[{"name":"wp","href":"https:\/\/api.w.org\/{rel}","templated":true}]}}