{"id":58,"date":"2022-11-10T17:13:06","date_gmt":"2022-11-10T17:13:06","guid":{"rendered":"http:\/\/www.geoservicekft.hu\/?page_id=58"},"modified":"2025-05-03T14:46:16","modified_gmt":"2025-05-03T14:46:16","slug":"kapcsolat","status":"publish","type":"page","link":"https:\/\/www.geoservicekft.hu\/?page_id=58","title":{"rendered":"Kapcsolat"},"content":{"rendered":"\n<p>Geoservice Kft<br>3561 Fels\u0151zsolca, D\u00f3zsa Gy\u00f6rgy u. 80<br><a href=\"mailto:iroda@geoservicekft.hu\">mailto: iroda@geoservicekft.hu<\/a><\/p>\n\n\n\n<p>M\u00e9r\u00e9si csoportvezet\u0151: K\u00f6vesdi G\u00e1bor ( +3670-326-4004 ) <\/p>\n\n\n\n<p>\u00dcgyvezet\u0151: Kerbolt Tam\u00e1s ( +3670-326-3998 )<\/p>\n","protected":false},"excerpt":{"rendered":"<p>Geoservice Kft3561 Fels\u0151zsolca, D\u00f3zsa Gy\u00f6rgy u. 80mailto: iroda@geoservicekft.hu M\u00e9r\u00e9si csoportvezet\u0151: K\u00f6vesdi G\u00e1bor ( +3670-326-4004 ) \u00dcgyvezet\u0151: Kerbolt Tam\u00e1s ( +3670-326-3998 )<\/p>\n","protected":false},"author":1,"featured_media":0,"parent":0,"menu_order":0,"comment_status":"closed","ping_status":"closed","template":"","meta":{"footnotes":""},"class_list":["post-58","page","type-page","status-publish","hentry"],"_links":{"self":[{"href":"https:\/\/www.geoservicekft.hu\/index.php?rest_route=\/wp\/v2\/pages\/58","targetHints":{"allow":["GET"]}}],"collection":[{"href":"https:\/\/www.geoservicekft.hu\/index.php?rest_route=\/wp\/v2\/pages"}],"about":[{"href":"https:\/\/www.geoservicekft.hu\/index.php?rest_route=\/wp\/v2\/types\/page"}],"author":[{"embeddable":true,"href":"https:\/\/www.geoservicekft.hu\/index.php?rest_route=\/wp\/v2\/users\/1"}],"replies":[{"embeddable":true,"href":"https:\/\/www.geoservicekft.hu\/index.php?rest_route=%2Fwp%2Fv2%2Fcomments&post=58"}],"version-history":[{"count":4,"href":"https:\/\/www.geoservicekft.hu\/index.php?rest_route=\/wp\/v2\/pages\/58\/revisions"}],"predecessor-version":[{"id":151,"href":"https:\/\/www.geoservicekft.hu\/index.php?rest_route=\/wp\/v2\/pages\/58\/revisions\/151"}],"wp:attachment":[{"href":"https:\/\/www.geoservicekft.hu\/index.php?rest_route=%2Fwp%2Fv2%2Fmedia&parent=58"}],"curies":[{"name":"wp","href":"https:\/\/api.w.org\/{rel}","templated":true}]}}